Suppose -15*z - 20 - 10 = 0. Let g(l) = -1 + 2 - 27*l + 0. Let q be g(z). What is the greatest common divisor of 11 and q?
11
Let o be (-2700)/(-35) - 1/7. Let g = -54 + o. Let q = -3 + g. What is the highest common divisor of 20 and q?
20
Suppose 2*b + 1 + 1 = -2*n, -4*b + 5 = n. Let s(i) = -21 - 9*i + i**b + 21. Let d be s(11). What is the highest common factor of 2 and d?
2
Let r be 0 - 9/(-1 + 0). Let m = -15315 - -15318. What is the highest common divisor of r and m?
3
Suppose 43*g - 742 = 36*g. Suppose g = 3*x - 4*r, 4*x + 4*r - 116 = 3*r. What is the highest common divisor of 12 and x?
6
Suppose -598 = -7*y + 865. What is the greatest common factor of y and 11?
11
Let k = 127 - 13. Suppose -g - 3*f = -18, -k = -3*g - 2*f + 5*f. Calculate the greatest common factor of g and 22.
11
Suppose -2*o = d - 428, -2*d + 3*o = -1376 + 534. What is the greatest common divisor of d and 8?
8
Let s = 11 - 9. Suppose -2*u + 2*h + 2*h + 28 = 0, 18 = s*u + h. Suppose 0 = a + 4*y - 24, -2*y - 57 = -3*a + y. What is the greatest common factor of a and u?
10
Let l be (1 - 2)*1 + -1. Let m be (-2 - (-3 + -25)) + l. Suppose 0 = 5*r + 4*u - 56, -45 = -4*r - 0*u - 3*u. Calculate the highest common divisor of r and m.
12
Suppose 49 = s + 24. Calculate the highest common factor of 325 and s.
25
Let c = -55 - -375. Let m be -2*(-3)/27 - c/(-18). Calculate the greatest common divisor of 45 and m.
9
Let m(b) = b**2 + 12*b - 15. Let l be m(-14). Suppose l - 58 = -5*c. What is the greatest common factor of c and 1?
1
Suppose -5*j = -5*o + 45, -2*j + 0*j + 42 = 4*o. Suppose -4 + 1 = -2*b - c, -b + 5 = -3*c. Calculate the highest common divisor of o and b.
2
Let d = -14 - -10. Suppose 23 - 193 = 17*c. Let l = d - c. Calculate the greatest common factor of 66 and l.
6
Let i(s) = 9*s + 85. Let x be i(-7). Let d be (1 - -1) + 9/1. Calculate the highest common divisor of d and x.
11
Suppose 299*s - 310*s + 308 = 0. Let p be 1*(0/1 - -2). Let m be 12 + -1 + p + 1. Calculate the highest common factor of m and s.
14
Let o = -887 - -951. Calculate the greatest common factor of 752 and o.
16
Suppose -4*c + 597 = 3*o, 4*c - 131 - 506 = 5*o. Calculate the highest common factor of c and 9.
9
Suppose -9*q = -258 - 12. Calculate the highest common divisor of q and 435.
15
Let t = 1 - -23. Suppose 0*j - 15 = -3*j. Suppose -c - 4*c + 2*l + 114 = 0, -j*c + 5*l = -105. What is the greatest common factor of c and t?
24
Let p(u) be the third derivative of 5*u**2 - 1/12*u**4 + 0*u - 9/2*u**3 + 0. Let i be p(-18). What is the highest common divisor of i and 45?
9
Let o(l) = -l**3 + l + 18. Suppose 0 = 3*r - 2*r - 1. Let f = r - 1. Let v be o(f). Calculate the greatest common factor of v and 18.
18
Let m(g) = -g**2 + 6*g + 6. Let u be m(-8). Let j = u - -171. What is the greatest common divisor of j and 26?
13
Let u(v) = -v + 5. Let i be u(3). Suppose 2*q - 28 = -i*q. Calculate the greatest common factor of 7 and q.
7
Suppose -3*v + 173 = -4*o, 0*v - v = -4*o - 55. What is the greatest common factor of 826 and v?
59
Suppose 4*r - 3 = -4*t - 27, -2*t = -4*r - 12. Let x = r - -12. Calculate the highest common factor of 20 and x.
4
Let p(i) = i**3 + 16*i**2 + 16*i + 18. Let w be p(-15). Suppose -2*l + 5*l + w*m = 69, 103 = 5*l + m. What is the greatest common divisor of l and 40?
20
Suppose -2*y + 4*k = -116, -2*k - 160 = -3*y - 3*k. Calculate the greatest common divisor of y and 1161.
27
Suppose 3*k = -4*u + 22, -5*k = -3*k - 3*u - 26. What is the highest common divisor of 15 and k?
5
Suppose 0*x + 4*x + 80 = 0. Let c be x/(-1 + 0/(-1)). Suppose -32 = -3*n - 4*o - 1, c = -4*o. What is the highest common divisor of n and 102?
17
Let c(b) = -b**3 - 17*b**2 - 42*b + 61. Let g be c(-14). Calculate the highest common factor of g and 1525.
61
Suppose 0 = -i - 4*i - 20, 3*y = -2*i - 5. Let t be y*2*(-126)/(-6). Calculate the greatest common factor of t and 6.
6
Let r(v) = -v**3 - 5*v**2 + 7*v + 8. Let d be r(-6). Let a = -19 + 31. Let z be d/(-4) - a/(-8). What is the greatest common divisor of 4 and z?
1
Suppose 0 = 5*b + 3*r - 165 - 260, 5*b - 435 = -r. Calculate the highest common factor of b and 22.
22
Let r be ((-11)/33)/(2*(-5)/7110). What is the greatest common divisor of 3 and r?
3
Suppose 0 = 3*i - 14*i + 429. What is the highest common divisor of 325 and i?
13
Suppose -146 = -5*q + 79. Suppose 0 = 8*a - 11*a + q. What is the greatest common factor of a and 45?
15
Let w(j) = j**3 - 4*j**2 + 2. Let c be w(4). Let g = c + 3. Suppose -m + g = 4*m. What is the greatest common divisor of m and 6?
1
Let c(f) = f**2 - 2*f - 1. Let g be c(3). Let h(s) = 13*s - 2. Let d be h(g). What is the greatest common factor of d and 6?
6
Suppose 0*g + 5 = -5*g - 5*q, q = -2*g - 1. Suppose 3*z - 35 = -2*h + 6*z, z + 5 = g. What is the greatest common factor of 25 and h?
5
Let w = -8 + 252. What is the greatest common divisor of 8 and w?
4
Let y(z) = -z**3 - 6*z**2 - 3*z + 7. Let x be y(-5). Let j(n) = 5*n**2 + 5. Let v be j(x). What is the highest common divisor of v and 10?
10
Let d(o) = -4*o + 24. Let s be d(6). Suppose s = -5*i + 13 + 22. What is the highest common divisor of i and 7?
7
Let h(j) = -2*j**3 - 6*j**2 - j. Let f be h(-5). Let v = f - 99. What is the highest common factor of 96 and v?
6
Let w(z) = -3*z**2 + 42*z - 32. Let d be w(12). Suppose -7 - 9 = -4*j. Let y be j/(-14) - (-58)/7. What is the greatest common factor of d and y?
8
Let f(a) = -8*a + 140. Let h be f(-20). Calculate the greatest common factor of 20 and h.
20
Suppose j = -4 + 12. Let q = 4744 - 4680. What is the highest common divisor of q and j?
8
Suppose 44*p = 72*p - 1008. Let o(w) = -3*w + 3. Let b(f) = -6*f + 6. Let a(s) = -3*b(s) + 5*o(s). Let k be a(4). What is the highest common factor of p and k?
9
Let y(q) = 5*q - 49. Let c be y(18). What is the greatest common divisor of 41 and c?
41
Let i(o) = 47*o**2 + 6*o + 11. Let h be i(-3). What is the greatest common factor of h and 13?
13
Suppose -379 - 71 = -3*s. What is the highest common divisor of s and 120?
30
Let j(u) = -u**2 + 15*u + 1268. Let n be j(-27). What is the highest common factor of 1273 and n?
67
Let k = 0 + 5. Suppose -45 = -f - k*m, 346 - 97 = 5*f + m. Calculate the greatest common factor of 10 and f.
10
Suppose -6*d + 218 - 164 = 0. Let i = -66 + 237. Calculate the highest common factor of d and i.
9
Suppose 35 = 11*k - 97. What is the greatest common factor of 324 and k?
12
Suppose -3*x + r + 6 + 5 = 0, 3*r + 15 = 0. Let o(h) = 11*h - 7. Let z be o(x). Calculate the greatest common factor of z and 6.
3
Suppose -7*h + 16948 = 1968. What is the highest common factor of 107 and h?
107
Let l = 73 + -71. Suppose d + n = -d + 44, l*d - 52 = 3*n. Calculate the greatest common factor of 207 and d.
23
Let f(u) = -u**3 + 14*u**2 + 25*u - 32. Let m be f(13). Calculate the greatest common divisor of 66 and m.
66
Let v(s) = -s. Let c(y) = 7*y + 30. Let d(r) = c(r) + v(r). Let o be d(-3). Calculate the greatest common factor of 12 and o.
12
Let b(a) = 2*a**3 - 17*a**2 + 29*a - 29. Let q be b(10). What is the greatest common factor of 99 and q?
33
Let p be (-696)/(-32) + 5/4. Calculate the highest common factor of 115 and p.
23
Let n = -35 - -36. Let q be ((-16)/(-4) - 7) + 54*n. Let r = 42 - 25. Calculate the highest common divisor of r and q.
17
Let v = 374 - 309. What is the highest common factor of 26 and v?
13
Let r = -18 - -28. Suppose -3*z = 5*c - 19, z - r - 23 = 5*c. What is the greatest common divisor of z and 208?
13
Suppose -5*t = -4*v - v - 295, 4*v + 236 = -3*t. Let k = v + 99. What is the greatest common factor of 10 and k?
10
Suppose 4*x - 5*x = -4*u - 37, -5*u - 76 = -3*x. Calculate the greatest common factor of 153 and x.
17
Let r be ((-12)/(-9) - 1)/(11/8184). Calculate the highest common factor of 8 and r.
8
Suppose -2*x + 0*x = g + 35, -2*g = 3*x + 75. Let d be g/(-6)*(-48)/(-9). Suppose -5*a + d = -a. Calculate the greatest common divisor of 30 and a.
10
Let k be (-1695)/(-27) - (68/18 + -4). Suppose 0 = -2*z + 11*z - 27. What is the greatest common factor of k and z?
3
Suppose -20*y = -1031 + 31. What is the greatest common divisor of y and 1200?
50
Let v = 105 - 61. Suppose -3*o + 46 + v = 0. Calculate the highest common divisor of 12 and o.
6
Let